True
Does 253 divide 150535?
True
Is 14 a factor of 339248?
True
Is 1310372 a multiple of 106?
True
Is 52383 a multiple of 40?
False
Is 17763 a multiple of 31?
True
Is 2894013 a multiple of 9?
True
Does 8 divide 1630824?
True
Is 146 a factor of 1514274?
False
Does 15 divide 269123?
False
Does 980 divide 1223346?
False
Does 234 divide 276120?
True
Is 2062056 a multiple of 24?
True
Is 2721147 a multiple of 39?
True
Is 93 a factor of 525610?
False
Does 18 divide 19278?
True
Is 43 a factor of 1353544?
False
Does 65 divide 101363?
False
Does 676 divide 1545447?
False
Does 107 divide 1674516?
False
Does 190 divide 1900950?
True
Does 21 divide 85951?
False
Is 973184 a multiple of 8?
True
Is 107445 a multiple of 29?
True
Is 594491 a multiple of 103?
False
Does 92 divide 6699?
False
Does 423 divide 7046331?
False
Is 1699074 a multiple of 78?
True
Does 59 divide 674311?
True
Is 199 a factor of 6801223?
True
Is 8011108 a multiple of 27?
False
Does 2 divide 1480760?
True
Does 638 divide 10647655?
False
Is 296006 a multiple of 134?
True
Is 2 a factor of 2521?
False
Is 64379 a multiple of 119?
True
Does 222 divide 3149958?
True
Is 111244 a multiple of 146?
False
Does 60 divide 145179?
False
Is 48 a factor of 148683?
False
Does 92 divide 114080?
True
Is 10 a factor of 123604?
False
Is 8 a factor of 1638660?
False
Is 6 a factor of 152196?
True
Does 130 divide 97630?
True
Does 21 divide 672625?
False
Does 5 divide 106073?
False
Is 2 a factor of 55238?
True
Does 122 divide 12613?
False
Does 46 divide 5887448?
True
Is 178627 a multiple of 15?
False
Does 86 divide 1501074?
False
Is 215168 a multiple of 221?
False
Is 142 a factor of 2084462?
False
Is 19 a factor of 182772?
False
Does 10 divide 1726487?
False
Is 35402 a multiple of 62?
True
Does 11 divide 6546873?
False
Is 980063 a multiple of 515?
False
Is 1269910 a multiple of 58?
True
Is 255293 a multiple of 90?
False
Is 8074267 a multiple of 1331?
False
Does 223 divide 906385?
False
Is 707385 a multiple of 4?
False
Is 51 a factor of 215014?
False
Is 1452 a factor of 9775775?
False
Is 7 a factor of 71467?
False
Is 4 a factor of 185472?
True
Does 151 divide 70517?
True
Is 202 a factor of 361590?
False
Is 669294 a multiple of 16?
False
Does 275 divide 73134?
False
Does 13 divide 233792?
True
Is 184 a factor of 2242040?
True
Does 7 divide 1861697?
False
Is 150130 a multiple of 5?
True
Is 18 a factor of 217354?
False
Does 603 divide 23385722?
False
Is 1377 a factor of 17840850?
False
Is 3892397 a multiple of 38?
False
Is 50 a factor of 993600?
True
Is 38 a factor of 6143156?
True
Is 339864 a multiple of 196?
True
Is 9 a factor of 647370?
True
Is 7 a factor of 5583501?
True
Does 3 divide 62723?
False
Is 340152 a multiple of 61?
False
Is 1336935 a multiple of 23?
False
Does 363 divide 18150?
True
Does 25 divide 26400?
True
Does 2 divide 45570?
True
Is 1631151 a multiple of 1368?
False
Does 11 divide 1165537?
False
Is 296 a factor of 6995072?
True
Does 3 divide 8766?
True
Is 72 a factor of 1090929?
False
Does 33 divide 378015?
True
Does 59 divide 322140?
True
Does 99 divide 35579?
False
Is 64 a factor of 88239?
False
Is 407 a factor of 1417421?
False
Does 15 divide 36162?
False
Does 20 divide 5042671?
False
Is 2554105 a multiple of 756?
False
Is 830192 a multiple of 22?
True
Does 685 divide 878170?
True
Does 22 divide 146916?
True
Is 266956 a multiple of 109?
False
Is 1402178 even?
True
Does 23 divide 15295?
True
Does 10 divide 104320?
True
Is 19569 a multiple of 26?
False
Is 1859527 a multiple of 821?
False
Is 498 a multiple of 6?
True
Is 129 a factor of 434988?
True
Is 591261 a multiple of 187?
False
Does 138 divide 1744182?
True
Is 13 a factor of 67614?
False
Is 13555 a multiple of 344?
False
Is 1327 a factor of 1920169?
True
Is 3 a factor of 355794?
True
Is 479180 a multiple of 5?
True
Does 3 divide 252156?
True
Is 59721 a multiple of 2?
False
Does 6 divide 6639690?
True
Is 5106903 a multiple of 3?
True
Does 22 divide 412456?
True
Does 43 divide 1747090?
True
Is 1915661 a multiple of 215?
False
Is 235 a factor of 2017475?
True
Is 665307 a multiple of 601?
True
Is 49 a factor of 603534?
False
Does 170 divide 22440?
True
Is 212 a factor of 246777?
False
Does 329 divide 73038?
True
Is 114 a factor of 430840?
False
Is 9692240 a multiple of 40?
True
Is 107 a factor of 162472?
False
Does 5 divide 68238?
False
Is 85 a factor of 3583770?
True
Does 851 divide 288489?
True
Does 355 divide 10915618?
False
Is 16 a factor of 127792?
True
Is 61 a factor of 68364?
False
Does 16 divide 10653?
False
Is 30944 a multiple of 21?
False
Is 2314312 a multiple of 578?
True
Does 234 divide 415735?
False
Does 106 divide 796460?
False
Is 28 a factor of 2599916?
False
Is 2234078 a multiple of 33?
False
Is 9444736 a multiple of 254?
True
Does 125 divide 520250?
True
Is 2867031 a multiple of 27?
False
Is 2573 a multiple of 47?
False
Is 76498 a multiple of 13?
False
Does 212 divide 133772?
True
Does 11 divide 1521215?
False
Does 458 divide 31144?
True
Is 2081739 a multiple of 597?
True
Is 3739599 a multiple of 1083?
True
Is 13 a factor of 77469?
False
Is 3585 a multiple of 239?
True
Is 138432 a multiple of 12?
True
Does 31 divide 425758?
False
Does 726 divide 8109689?
False
Is 2046230 a multiple of 7?
False
Is 24 a factor of 451777?
False
Does 60 divide 638286?
False
Is 4682088 a multiple of 17?
False
Is 1144845 a multiple of 9?
True
Is 31078 a multiple of 2?
True
Does 30 divide 66870?
True
Does 170 divide 94520?
True
Does 46 divide 66010?
True
Is 13617 a multiple of 153?
True
Does 68 divide 8774?
False
Does 29 divide 274514?
True
Is 107 a factor of 603159?
True
Does 165 divide 2911585?
False
Is 11 a factor of 1424643?
True
Is 2867000 a multiple of 376?
True
Does 7 divide 1446233?
False
Does 12 divide 1134152?
False
Is 7976632 a multiple of 164?
True
Is 29 a factor of 47880?
False
Does 105 divide 2001435?
False
Does 13 divide 2628990?
True
Is 16 a factor of 126541?
False
Is 259 a factor of 57748?
False
Is 2574675 a multiple of 38?
False
Is 202072 a multiple of 134?
True
Is 235090 a multiple of 2?
True
Is 39 a factor of 4750410?
False
Is 68 a factor of 6469877?
False
Is 35 a factor of 5987822?
False
Is 88 a factor of 41988?
False
Does 791 divide 1307523?
True
Is 178686 a multiple of 81?
True
Is 8702870 a multiple of 49?
False
Is 310764 a multiple of 38?
True
Is 10673488 a multiple of 112?
True
Does 52 divide 78432?
False
Does 103 divide 1320872?
True
Does 642 divide 1556673?
False
Does 21 divide 242500?
False
Is 32 a factor of 340538?
False
Is 138 a factor of 222919?
False
Is 15 a factor of 862318?
False
Is 544 a factor of 100640?
True
Is 977079 a multiple of 2?
False
Is 430 a factor of 157550?
False
Is 1706292 a multiple of 111?
True
Is 97 a factor of 1065835?
False
Does 271 divide 403469?
False
Is 5 a factor of 1207645?
True
Is 11579192 a multiple of 88?
False
Does 57 divide 33454668?
True
Does 11 divide 64702?
True
Is 2485616 a multiple of 45?
False
Is 3098130 a multiple of 66?
False
Is 21 a factor of 8310888?
False
Does 107 divide 2886646?
True
Is 10 a factor of 3620?
True
Is 1635000 a multiple of 127?
False
Does 51 divide 9817?
False
Does 161 divide 1560573?
True
Is 32458 a multiple of 424?
False
Is 2114580 a multiple of 195?
True
Is 1091296 a multiple of 268?
True
Is 96 a factor of 107410?
False
Is 28 a factor of 179214?
False
Is 946 a factor of 24151981?
False
Does 110 divide 129140?
True
Does 125 divide 82416?
False
Is 8 a factor of 1098288?
True
Is 177744 a multiple of 104?
False
Does 37 divide 517371?
True
Does 164 divide 57429?
False
Is 3 a factor of 411457?
False
Does 9 divide 1642552?
False
Is 412 a factor of 335368?
True
Is 37822106 a multiple of 14?
True
Does 145 divide 4043748?
False
Is 54 a factor of 263736?
True
Is 5115149 a multiple of 5?
False
Is 25971528 a multiple of 264?
True
Is 78 a factor of 685104?
False
Does 24 divide 2069067?
False
Is 32 a factor of 177472?
True
Is 19 a factor of 5536562?
True
Does 96 divide 208512?
True
Does 14 divide 50059?
False
Is 32 a factor of 284704?
True
Is 197 a factor of 15326797?
True
Is 177 a factor of 317007?
True
Is 2116114 a multiple of 22?
True
Does 89 divide 221877?
True
Is 5 a factor of 610888?
False
Is 120680 a multiple of 131?
False
Is 539888 a multiple of 656?
True
Does 158 di